= -4*f + 16, -5*f = -b*q + 15*q + 1. Let z(j) = -4*j**3 - 2*j - 1. Calculate z(f).
5
Suppose -76 = -2*b + 14. Let y(d) = 48 + b - 184 + 49 + d**3 - 6*d**2 + 43 + d. Calculate y(6).
7
Let s(w) = -2*w - 3 + 0*w**3 + 1 - w**3 - 7*w**2. Let u(k) = 64*k**3 - 62*k**3 + 3 + 13*k**2 + 89*k - 85*k. Let l(j) = -7*s(j) - 4*u(j). Give l(-2).
2
Let p(s) = 2*s**2 - 16*s + 4. Let u = -40 - -48. Let k be p(u). Let v(t) = -t**3 + 6*t**2 - 4*t - 4. Calculate v(k).
12
Let j be (-96)/10 - (-772)/(-1930). Let w(g) = -g**3 - 10*g**2 - 2. Calculate w(j).
-2
Let l(k) = -k**2 + 5*k - 1. Suppose -2*d + 5*d - 165 = 0. Let x be (-1148)/21 + 4 + (-115)/(-69). Let p = x + d. Determine l(p).
-7
Let b(z) = -z**2 - z. Let y(q) = 115*q**3 - 7*q**2 - 5*q + 2. Let x(g) = -5*b(g) + y(g). Determine x(1).
115
Let s(b) = 5*b + 2. Let v = -35 - 350. Let g = v + 386. Determine s(g).
7
Let r(o) be the second derivative of -o**4/12 + 4*o**3/3 - 13*o**2/2 - 582*o. Determine r(5).
2
Let q(r) = r - 3. Suppose 12*n - 6*n = 42. Suppose -14 - 14 = -n*a. Calculate q(a).
1
Let q(s) be the second derivative of -s**6/240 - s**5/20 - 25*s**4/6 - 57*s - 1. Let p(i) be the third derivative of q(i). Determine p(-5).
9
Let r = 1 + -1. Let c be (-15)/12 + ((-75)/(-12) - 1). Let l(b) = b**3 - 4*b**2 + 3*b - 30. Let a(u) = -u**2 + u - 5. Let o(n) = c*a(n) - l(n). Give o(r).
10
Let x = -153 + 173. Let w(v) = 18 - v + 0*v - x. Calculate w(-8).
6
Let p(l) be the third derivative of 0*l + 1/120*l**5 + 6*l**2 - 1/3*l**3 + 0 + 1/24*l**4. Let c(x) be the first derivative of p(x). Determine c(-4).
-3
Let p(r) = r**2 + r + 1. Let x = -293 - -476. Let s = x - 181. Give p(s).
7
Let o be (3/(-2)*2 + 1)/1. Let r(a) = -a**3 - 3*a**2 - 2*a + 6. Let p be r(o). Let c(q) = q**2 + 2*q - 5. Calculate c(p).
43
Let c(k) be the second derivative of -k**4/12 + 4*k**3/3 - 3*k**2 + 905*k. What is c(4)?
10
Let c(t) = -3*t + 49. Let u = -745 + 768. Give c(u).
-20
Let x(t) = t**3 - 4*t**2 + 2*t. Let f be x(3). Let r(m) be the first derivative of -m**4/4 - 2*m**3/3 + 2*m**2 - m - 2553. Give r(f).
-4
Let l(w) = -w**3 - 3*w**2 - w. Let t(i) = -5*i**3 - 5*i**2 - 11*i. Let f(s) = 4*l(s) - t(s). Suppose -c = 4*r - 5*c - 20, 4*c + 14 = 3*r. What is f(r)?
6
Let g(b) = b - 7. Let r(p) = 37*p - 20. Let a(h) = -3*g(h) + r(h). Give a(-1).
-33
Suppose 3*r - 11 = -y, 10 = 3*y - y. Let g be 2 - (r + 3) - 7*-6. Let t(q) = g*q - 6 - 8 - 38*q. What is t(7)?
-7
Let v(c) = -64 + 41 + 9 + 24 + 2*c + 23. What is v(-8)?
17
Let j = 3 + 2. Let b(h) be the second derivative of h**3/6 + 3*h**2/2 - 55*h + 46. Give b(j).
8
Let h(r) = 7*r**2 - 2*r + 1. Suppose -4*k = 5*x + 2 + 2, -3*k + 5*x + 32 = 0. Suppose -4*t + o + 3 = -2, -4*o = k*t - 20. Give h(t).
25
Let q(o) = o**3 + 8*o**2 - 7*o + 16. Suppose 0 = -13*n + 11*n - 56. Let d be (n/42)/((-4)/(-54)). Determine q(d).
-2
Let d be (148/(-8) - -2)*-4. Suppose 17*q + d = -5*q. Let n(m) = -m**2 + m - 1. What is n(q)?
-13
Let z(p) = p**3 + 2. Let a be (10 - -9 - 8) + -5. Suppose 23*o + 58 = -a*o. Determine z(o).
-6
Let d(v) = -5*v**3 - 2*v**2 + 3*v - 3. Let m(i) = 13*i**3 + 7*i**2 - 10*i + 10. Suppose 0 = 86*f - 75*f - 33. Let z(b) = f*m(b) + 8*d(b). Determine z(4).
-2
Let s(w) = -13*w - 32. Let q(y) = -27*y - 58. Let r(n) = 4*q(n) - 9*s(n). Give r(-6).
2
Let b be (285 + -10)/25 + 6. Let i(k) = -k**3 + 17*k**2 + 22. Determine i(b).
22
Let t(o) be the third derivative of o**5/60 + 2*o**3/3 - 3*o**2 + 43*o. Let g be (-14 - -7 - -6)/((-1)/3). Calculate t(g).
13
Let m(w) be the second derivative of w**5/20 - w**4/12 + w**3/6 + 45*w**2/2 - 71*w. Let v = 4195 + -4195. Determine m(v).
45
Let y(n) = 10*n**3 - 12*n**2 + 48*n - 36 - 7*n**3 - 13*n**2 + n**3 - 3*n**3. Calculate y(23).
10
Let s(i) = -3*i + 16. Suppose 5*z - 19 = -2 + 18. Give s(z).
-5
Let h be (-12)/(-18) + 220/12 + -1. Let d(w) = 21 - 6 + w**2 - h + 2*w. Calculate d(-4).
5
Let i(r) = 6*r + 102 + r**3 - 40 - 10*r**2 - 35 - 35 + r. What is i(9)?
-26
Let o(w) = -2 - 1 + 1 - 6*w. Suppose -16*g + 1563 = -229. Let j = 110 - g. Calculate o(j).
10
Let b(x) be the first derivative of -7*x**2/2 + 61*x + 2158. What is b(7)?
12
Let t(d) = d**2 + 8*d + 1. Let z(v) = v + 8. Let u be z(-2). Let k be 4 - (60/u - -1). Determine t(k).
-6
Let d(b) = -97*b - 20. Let z(y) = -9*y - 1. Let j(w) = -d(w) + 12*z(w). What is j(8)?
-80
Let p(t) be the second derivative of 7*t**3/3 - 2*t**2 + 11*t. Let s be p(1). Suppose -4 + s = 3*o. Let k(z) = -z**3 + 5*z**2 - 1. Calculate k(o).
11
Let k(z) = -4*z**2 + 27*z - 149. Let q(y) = -5*y**2 + 24*y - 148. Let c(h) = 4*k(h) - 3*q(h). Give c(31).
3
Let d(a) = 4*a**3 - 17*a**2 + 13*a + 19. Let b(g) = -9*g**3 + 32*g**2 - 28*g - 37. Let n(i) = 2*b(i) + 5*d(i). What is n(10)?
11
Let k(y) = 35*y**3 + 75*y**2 - 6*y + 25. Let l(p) = 6*p**3 + 12*p**2 - p + 4. Let g(o) = -4*k(o) + 25*l(o). Let d = -2 + 1. Give g(d).
-9
Let j = 1470 + -1458. Let d(g) = g**3 - 12*g**2 + 3*g - 29. What is d(j)?
7
Suppose 2*u = -3*u. Let c(i) = -11*i + 4. Let t(z) = -5*z + 313 - 152 - 159. Let f(l) = 4*c(l) - 9*t(l). Calculate f(u).
-2
Let k = 212 - 209. Let m be ((-20)/(-90)*15)/((-2)/k). Let v(j) = -j**3 - 4*j**2 + 2*j - 7. Determine v(m).
8
Let z(c) = -27*c + 8. Let j(d) = 157*d - 49. Let u(l) = -j(l) - 6*z(l). Suppose -2*m = -2 - 6, -5*q - 2 = 2*m. Determine u(q).
-9
Let x = -230 + 230. Suppose x = -4*w - 117 + 153. Let g(j) be the third derivative of -j**5/60 + 5*j**4/12 - 3*j**3/2 + 2*j**2. Calculate g(w).
0
Suppose 68*u + 36*u = 33*u + 213. Let g(q) be the third derivative of -2/15*q**5 - 4*q**2 + 0*q**u + 1/120*q**6 + 0 + 5/24*q**4 + 0*q. Determine g(7).
-14
Let r(g) = -7*g**2 + 5*g - 23. Let i = -27743 - -27747. Give r(i).
-115
Suppose 2*n + 9 = d, -3*d - 4*n = 3 - 0. Suppose -11 + 8 = -d*b. Let k(v) = -4*v**2 - 4*v - 10*v + 15*v - 6*v**2. Determine k(b).
-9
Let i(a) = -11 - 70 - 5 + 0*a**2 + 88*a + 2*a**2. Determine i(-45).
4
Let w(k) = 2*k**2 + 30*k + 30. Suppose -771*n - 53 = -767*n + r, 0 = 2*n - 3*r + 9. What is w(n)?
-42
Let v(o) = -23*o**2 + 47*o**2 + 3 + o**3 - 25*o**2. Let i(k) = 5*k**3 - 7*k**2 + 2*k + 16. Let g(s) = i(s) - 6*v(s). Determine g(-3).
10
Let p(c) = c**2 + 4*c + 7. Suppose 742*x - 747*x + f = -14, -5*f = -x - 2. Give p(x).
28
Let i(r) = -17*r**2 + 27*r - 14. Let y(b) = 6*b**2 - 9*b + 5. Let m(w) = 4*i(w) + 11*y(w). Let q(u) be the first derivative of m(u). Determine q(7).
-19
Let p(w) be the second derivative of 0 - w + 3*w**2 - 1/6*w**3. Let h be ((-476)/17 + 19)/(9/6). Calculate p(h).
12
Let z(t) be the first derivative of -3*t**2/2 - 5*t - 6. Let y = -3675 + 3671. Give z(y).
7
Suppose -k + 2*b = 38 + 6, -2*k - 5*b - 61 = 0. Let z(a) = 2*a + 71. Give z(k).
-5
Let z(n) = -n**3 - 20*n**2 - 100*n - 15. Let o be 92/46*33/(-6). Give z(o).
-4
Suppose -827 + 191 = -12*o. Let w(m) = -9*m**2 + 44*m - m**3 + 0 - o*m + 0*m**2 - 9. Calculate w(-8).
-1
Let u(j) = j**3 - 2*j**2 + j + 2. Suppose -k + 4 = 0, 14*k = 5*a + 12*k - 7. Give u(a).
14
Let w(o) be the third derivative of -o**6/120 - o**5/20 + 2*o**3/3 - 33*o**2. Suppose 25*h - 22*h = 3. Suppose 4 = -a + h. Determine w(a).
4
Let b(u) = 3*u**2 + 23 - 16*u + 9*u**3 - 6 - 2. Let k(j) = -7*j**3 - 4*j**2 + 15*j - 14. Let r(f) = 4*b(f) + 5*k(f). Calculate r(7).
18
Suppose 23*w + 4779 = 4457. Let b(d) = -d**2 - 25*d - 149. Calculate b(w).
5
Let u(g) be the third derivative of g**6/120 + g**5/15 + 7*g**4/24 + 5*g**3/6 - 3*g**2 - 794. What is u(-2)?
-1
Let w(y) be the first derivative of -y**2 + 44*y - 984. Calculate w(20).
4
Suppose 0 = 9*h - 7*h - 14. Let l be h/(3 + 3/((-3)/2)). Let n(y) = 2 - 6*y + l*y**2 + 13*y + y**3 - 3. Calculate n(-6).
-7
Let p(n) = -10*n + 3. Let r(l) be the first derivative of -22*l**2 + 12*l + 62. Let k(i) = 9*p(i) - 2*r(i). Calculate k(-7).
17
Let i(o) = o + 9. Let l(u) = 2*u + 17. Let h(w) = 7*i(w) - 4*l(w). Let s(j) = -2*j**2 + 58*j - 49. Let z = 83 + -55. Let t be s(z). Calculate h(t).
-12
Let h(c) = -13*c - 1361 + 1223 - 8*c + c. What is h(-7)?
2
Let b(d) = 2*d - 4 + 0 - 7. Let x be (-996)/830*(-90)/12. Give b(x).
7
Let n(c) be the second derivative of c**5/20 - 7*c**4/12 + 4*c**3/3 - c**2/2 - 304*c. Let t = 7 + -2. Let y = 1 + t. What is n(y)?
11
Let k(j) = -j**2 + 6*j + 162. Let i be k(-10). Let w(t) = 5 + 7*t - 24 + t**i - 7*t - 5*t. Give w(-3).
5
Let v = -68 - -47. Let